*k + 27 - 85 = 3*u. Let x = 26 + u. Calculate the highest common divisor of 132 and x.
12
Let q(j) = 4*j + 0*j - 3 + 2*j**2 - 1 - 11*j. Let k be q(7). Suppose -9 = -5*v + 36. Calculate the greatest common factor of v and k.
9
Let y = -6 + 13. Suppose 9 = 5*i - 3*f, -2*f - 4 = -5*i + y. What is the greatest common divisor of i and 21?
3
Let u = -11 - -451. Calculate the greatest common divisor of u and 40.
40
Let m(n) = n**2 - 8*n - 5. Let z be m(10). Let f(q) = 35*q**2 - 1. Let r be f(-2). Suppose 3*d - 499 = -r. Calculate the greatest common factor of d and z.
15
Let k be (2 + -1)/((-1)/(-28)). Calculate the greatest common divisor of k and 4.
4
Let i = 40 - -77. Suppose -2*c = -24 - 2. Calculate the greatest common factor of c and i.
13
Suppose 6*q - 5*q - 8 = 0. What is the greatest common factor of q and 2?
2
Let l(q) = -q**3 + 4*q**2 - 3*q + 4. Let r be l(3). Suppose 1 = 2*d - 3. Suppose 5*t - 18 = d*t. Calculate the greatest common divisor of t and r.
2
Let y be (15/(-10))/((-9)/96). What is the greatest common factor of 4 and y?
4
Let r(x) = x**3 + x**2 - x. Let p be r(0). Suppose -v - 147 = -2*i - 2*v, v + 1 = p. What is the highest common divisor of 185 and i?
37
Suppose 0 = 3*n - 9. Let i(m) = -3 + 6 - m + 1. Let y be i(n). Calculate the highest common factor of 9 and y.
1
Let x(n) = 3*n**2 - 28*n - 10. Let k(r) = -r**2 + 9*r + 3. Let i(o) = -8*k(o) - 3*x(o). Let l be i(11). Calculate the highest common factor of 17 and l.
17
Suppose -2*u - 2*u = 56. Let a = 24 + u. Let i(f) = -f**3 - 6*f**2 - f + 4. Let z be i(-6). What is the greatest common factor of z and a?
10
Suppose j - 3*j = -1552. Suppose -z - j - 472 = 0. Let o be ((-6)/8)/(8/z). What is the highest common divisor of o and 13?
13
Suppose -b + g - 47 = 0, -b + 5*b + 158 = -2*g. Let v = -4 + 8. Let s be b/(-8) + (-1)/v. What is the greatest common factor of 35 and s?
5
Let i = -28 - -38. Let z = 22 - 12. Calculate the greatest common divisor of i and z.
10
Suppose 0 = -4*c - 8, 3*u - u - c = 10. Let q be (-12)/(-5) + u/(-10). Suppose -3*z + 10 = -z. Calculate the greatest common divisor of z and q.
1
Suppose 2*u - 3*u = -5. Suppose -u = -v - 23. Let y = 26 + v. Calculate the highest common divisor of y and 1.
1
Suppose 0 = -2*p - 4*u + 194, -p + 57 + 47 = -5*u. Let n be p/2*(1 - -1). What is the greatest common factor of n and 9?
9
Let l(u) = 73*u - 37. Let m be l(5). Calculate the highest common divisor of m and 41.
41
Let o = 5 - 0. Suppose -o*c + 1 = -4. Calculate the highest common factor of 1 and c.
1
Suppose -4*f = -3*n - 131, 3*f - 4*f + 2*n + 39 = 0. Calculate the highest common factor of f and 29.
29
Let d(o) = -27*o - 4. Let h(f) = 40*f + 6. Let c(g) = 8*d(g) + 5*h(g). Let s be c(-2). What is the highest common divisor of s and 20?
10
Suppose -5*g - 5*j + 45 = 0, g - 5 = j - 0*j. Calculate the highest common factor of 49 and g.
7
Let s = 161 + -65. Let m be (7 + 3)/(1/2). Let p(j) = j**3 - 20*j**2 + j - 8. Let c be p(m). Calculate the highest common divisor of s and c.
12
Let v = -4 - -7. Suppose 0 = 4*g + j - v*j - 364, 0 = 5*g - 5*j - 460. Calculate the greatest common factor of g and 9.
9
Let b = 63 - -27. What is the highest common factor of b and 9?
9
Suppose 284 = 4*d - 60. Let t = d + -46. Let c be (-6)/(-21) - (-220)/14. What is the highest common factor of c and t?
8
Let y = 3 + -3. Suppose a - 6 = -y*a. Let o(c) = c**2 - 33. Let i be o(-9). What is the greatest common factor of i and a?
6
Let s = -1 + 3. Suppose s*h - 5 = -3*m, 3*m - 17 = -0*h + 4*h. Calculate the greatest common factor of 3 and m.
3
Let s = -1 + 2. Let j be s + (1 - (-3 + 2)). Suppose j*p - 13 = 5. Calculate the greatest common factor of p and 18.
6
Let m(c) = 5*c**2 - 2*c + 1. Let h be m(1). Suppose b - 4*g - 40 = -3*b, h*b + g - 40 = 0. Let l = b + 5. What is the greatest common divisor of 30 and l?
15
Suppose 0 = -5*m + 43 - 8. Let y = -73 + 108. Calculate the highest common divisor of y and m.
7
Let g(y) = y**3 + 4*y**2 - 3. Let o be g(-3). Suppose 3*a - 4*z = 138, a + 3*z + 4 = 37. What is the highest common divisor of a and o?
6
Let l be (2/4)/((-1)/(-76)). Let i = 15 - 10. Suppose -i*t = -91 - 4. What is the highest common factor of l and t?
19
Suppose -9 = -3*w, -5*c + 31 = -7*w + 4*w. Let m = -2 + 4. Calculate the highest common factor of m and c.
2
Let u(k) = -k**2 - 5*k - 5. Let s be u(-5). Let v be (-5)/(-10) - s/2. Calculate the greatest common factor of 24 and v.
3
Suppose 3*r + 30 = -2*r. Let j = 9 + r. Calculate the greatest common divisor of j and 21.
3
Suppose 4*m - 262 + 62 = 0. What is the greatest common factor of m and 125?
25
Suppose 0*f - 19 = -5*f - 2*r, -f - 1 = -2*r. What is the greatest common divisor of f and 3?
3
Suppose -5*h - 79 = -439. Suppose 3*w + 4*d = 50, -4*d + 18 - 112 = -5*w. What is the greatest common factor of h and w?
18
Let p = 12 - 10. Suppose p*m + 5*c - 32 = 0, -3*c + 4*c - 4 = 0. What is the greatest common factor of 54 and m?
6
Let c = -134 - -139. Calculate the highest common factor of c and 45.
5
Let p(k) be the third derivative of -k**6/120 + 7*k**5/60 + 7*k**4/24 - 7*k**3/6 + 4*k**2. Let j be p(7). What is the highest common divisor of j and 6?
6
Let o(c) = 3*c - 2. Let p be o(3). Suppose -2*i = 2*i - 84. Calculate the greatest common factor of p and i.
7
Let b = 59 + -49. Calculate the highest common factor of b and 90.
10
Let f = -70 + 155. Calculate the highest common factor of f and 34.
17
Suppose -5*l + 113 = -2*t, 2*l + 2*t = t + 38. What is the greatest common factor of 105 and l?
21
Let c(k) = 2*k**2 - 3*k. Let v be c(2). Suppose -4*p + 2*y + 11 + 43 = 0, -21 = -v*p - 5*y. What is the greatest common divisor of 143 and p?
13
Let q(u) = u + 4. Let t be q(0). Let n(y) = 4*y + 10. Let c be n(-2). Let r be c*t - (-1 - 1). Calculate the highest common divisor of r and 10.
10
Let u be 2*(119/14 - (0 + 2)). Suppose 2*q + 520 = 6*q. Suppose 0 = h - 3*h + q. What is the highest common divisor of h and u?
13
Suppose 5*q + 13 = 3*h - 15, -4*h + 20 = 2*q. Let f be 10997/49 - h/14. What is the greatest common divisor of f and 28?
28
Suppose -10*r + 108 + 492 = 0. What is the greatest common divisor of 45 and r?
15
Suppose 0 = 47*h - 46*h - 1. What is the highest common factor of 2 and h?
1
Let i(d) = d - 6. Suppose -7*l = -2*l - 35. Let g be i(l). Calculate the highest common factor of g and 3.
1
Suppose 5 = -2*q + 25. Suppose 4 = n - q. Suppose u - 3*u - 4*o + 104 = 0, 5*u + 5*o = 270. Calculate the highest common divisor of n and u.
14
Let j = -9 - -21. Calculate the highest common divisor of j and 3.
3
Let p = 17 + -5. Let i be 18/(-5) - -3 - (-165)/25. What is the highest common divisor of i and p?
6
Suppose 0*t - t = -25. Let j be 1 - -2 - (-11 + 2). Let y be (3 - 2) + j/3. Calculate the highest common factor of y and t.
5
Let l be 16/(-6)*(-64 - 5). Calculate the greatest common factor of 23 and l.
23
Let v(k) = -3*k + 4*k + 11 - 2. Let s be v(-4). Suppose 2*b - f - 45 = -3*b, -s*b - 4*f = -20. What is the greatest common divisor of b and 40?
8
Let x = 210 + -179. Let k be (32 + (-1)/1)/1. What is the highest common factor of x and k?
31
Let s be 3 - 1*(-2 - 0). Let a(v) = 5*v**2 + v + 2. Let d be a(s). What is the highest common factor of d and 12?
12
Suppose -4*k - 472 = -6*k. Suppose -4*s - o + k = -4*o, 5*o = 3*s - 188. Calculate the greatest common factor of s and 14.
14
Let w = 23 + 3. What is the greatest common factor of w and 26?
26
Let i(n) = n**3 - n**2 + 3*n - 2. Let z be i(2). What is the greatest common factor of 64 and z?
8
Let t = 32 + -20. What is the greatest common factor of t and 6?
6
Suppose 2*w - 11 = -i, -4*w = 2*i + 2*i - 52. Suppose 15 = t - i. Calculate the greatest common factor of t and 20.
10
Let y = -44 - -104. Suppose 0 = -5*f - 5 + y. What is the greatest common factor of 1 and f?
1
Let s = 29 + -12. Suppose 53 = 5*z - s. Calculate the highest common factor of z and 7.
7
Suppose 2*p - 7*p + 50 = 0. Calculate the highest common factor of 30 and p.
10
Suppose -46 - 26 = -3*p. What is the highest common divisor of 36 and p?
12
Let t(p) be the first derivative of -p**4/2 - p**3 + 2*p**2 + 1. Let a be t(-3). What is the highest common factor of 3 and a?
3
Let l(j) be the third derivative of -j**4/3 + j*